 - 3*u - 4. Let m be q(4). Calculate the remainder when -2 + m + 2 + 4 is divided by j.
0
Let h(x) = -x**2 + 5*x + 3. Let n be h(8). Let f = n - -34. Calculate the remainder when 36 is divided by f.
10
Suppose 2 = -0*m + m. Suppose -7 + 2 = -2*v - 3*i, -5*v = -3*i - 2. Suppose z = 1 + v. Calculate the remainder when z is divided by m.
0
Let r(v) = -v**3 - v**2 + v + 2. Let j be r(3). Let d = j + 42. Calculate the remainder when d is divided by (-2)/(-5) + (-65)/(-25).
2
Suppose -914 = -13*q - 186. Calculate the remainder when q is divided by 17.
5
Let g(m) be the first derivative of -m**3/3 - 7*m**2/2 + 8*m + 4. Calculate the remainder when 51 is divided by g(-5).
15
Let d = 378 + -348. Calculate the remainder when 234 is divided by d.
24
Let f(j) = j**3 - 4*j**2 + 3*j + 12. Let w be f(5). Suppose 2*x - 29 = -0*p - p, -x = 2*p - w. Calculate the remainder when p is divided by 13.
12
Suppose 3*v = 41 + 4. Let g = 18 + 42. Let w = v + g. What is the remainder when w is divided by 19?
18
Let l(r) = -r**3 + 17*r**2 - 16*r + 1. Let o be l(16). Calculate the remainder when (77 + 1)/o - -1 is divided by 40.
39
Let i = 215 + -209. What is the remainder when i is divided by (-2)/(-3) - 7/(-3)?
0
Let c be 2/(-15) + 489/(-45). Let z = c + 14. Suppose z*d + 5*p = -11, 3*d - 4*p - 10 = 5*d. What is the remainder when 11 is divided by d?
2
Let j be (-10 - -15)*(-123)/(-5). Let o = j - 116. Calculate the remainder when 31 is divided by o.
3
Let p be (-2 - -2)/(-2) + 0/1. Suppose p = 2*j + 10, 38 + 32 = 3*s - 5*j. What is the remainder when s is divided by 9?
6
Let d = -2986 - -3045. Calculate the remainder when 337 is divided by d.
42
Let n be (2*9/(-12))/((-9)/6). What is the remainder when (145 + 4)/(n/2) is divided by 20?
18
Let d(f) = -3*f**3 + 3*f**2 - 4*f - 5. What is the remainder when d(-2) is divided by 27?
12
What is the remainder when 138 is divided by (-805)/(-14) - -3 - 3/6?
18
Let h(x) = 2*x - 5*x + 4*x + 5. Calculate the remainder when (-12)/(-8)*(-36)/(-2) is divided by h(9).
13
Let c = -255 - -275. Calculate the remainder when 45 is divided by c.
5
Let b(g) be the first derivative of -g**3/3 - 9*g**2/2 + 25*g - 41. Calculate the remainder when -1 - ((-1 - 8) + 0) is divided by b(-11).
2
Let m = 107 - 62. Calculate the remainder when 718 is divided by m.
43
Suppose h = -5*a + 4638, -5*a + 2614 = -4*h - 2034. Calculate the remainder when a is divided by 19.
16
Suppose -2*b = -0*i - 2*i + 66, -3*i + 89 = 2*b. What is the remainder when i is divided by 9?
4
Let p be ((44/(-8))/11)/(1/(-12)). Let k(g) = g - 6*g**2 + 0*g + g**3 + 6 + 2*g. What is the remainder when k(p) is divided by 14?
10
Suppose 3*r = r + 26. Calculate the remainder when 4/((-8)/(-118)) - (-23 - -18) is divided by r.
12
Suppose -t + 7 = -7. Let h(u) = -2*u - 22. Suppose 3*z - 4*i = -43 - 4, -41 = 3*z - i. Calculate the remainder when t is divided by h(z).
2
Let g = 224 + -201. Calculate the remainder when 387 is divided by g.
19
Suppose 5*n + 3 = -3*m + 12, -5*m + 15 = 2*n. Suppose -p + 24 = m*p. Calculate the remainder when 17 is divided by p.
5
Let d = 83 - 70. Suppose 105 = 5*v - 75. What is the remainder when v is divided by d?
10
Let k(b) = -2*b**3 - 42*b**2 - 49*b - 29. Calculate the remainder when k(-20) is divided by 53.
45
Suppose -6*v + v + 560 = 0. Let b = v + -68. What is the remainder when b is divided by 23?
21
Let v = 139 - 78. Calculate the remainder when v is divided by 23.
15
Suppose 4*n = 4*y + 112, -11*n + 4*y + 88 = -8*n. What is the remainder when 215 is divided by n?
23
Let g(m) = -865*m + m**2 + 854*m - 13 - 9. Let p(x) = x**3 - 9*x**2 + 8*x + 10. Calculate the remainder when g(15) is divided by p(8).
8
Calculate the remainder when (-13)/(156/(-15864)) - 11 is divided by 18.
15
Suppose -8*o - 2 = -194. What is the remainder when 115 is divided by o?
19
Suppose 45*c = 50*c - 220. Calculate the remainder when c is divided by 15.
14
Let j(f) be the third derivative of f**4/12 + f**3 + 7*f**2. Let i = 100 - 45. What is the remainder when i is divided by j(4)?
13
Let u = -48 - -54. Calculate the remainder when 23 is divided by 2/6 + -5 + 118/u.
8
Suppose 0 = -5*f - 5 - 0, -4*f - 40 = s. Let i = 51 + s. Calculate the remainder when 25 is divided by i.
10
Suppose -38 = 4*q - 5*q - 2*a, -5*q - 2*a + 198 = 0. Calculate the remainder when 237 is divided by q.
37
Let s(x) = 3*x**2 - 2*x - 7. Suppose 4*b + 56 = 68. What is the remainder when 51 is divided by s(b)?
9
Suppose 380 = 1747*m - 1743*m. Calculate the remainder when 188 is divided by m.
93
Calculate the remainder when 118 is divided by (-6*3)/((-60)/200).
58
What is the remainder when (408/(-15))/((-12)/30) is divided by 59?
9
Let g = -58 + 62. Suppose -5*s + 19 = -3*k, k = -s - k - g. What is the remainder when 5 is divided by s?
1
Let c be (0/(-1) + -1)*89. Let r = c - -112. What is the remainder when 110 is divided by r?
18
What is the remainder when 94 is divided by (-11)/(55/20)*-6?
22
Let a(v) = -4*v - 10. Let k be a(-4). Let z = k - -56. Calculate the remainder when z is divided by (-2)/3 + 50/3.
14
Let t be 16/(-6)*24/(-16). Let r be 0/(7/(14/t)). Calculate the remainder when r + -1 - 3/(-1) is divided by 2.
0
Let y(h) = 6*h + 12. Let i be ((-11)/3 - -3)/((-2)/6). What is the remainder when y(i) is divided by 10?
4
Let g(m) = m**3 + 20*m + 31*m**2 - 10*m**2 - 4*m**3 + 9 + 4*m**3. What is the remainder when 25 is divided by g(-20)?
7
Let d = 217 - -499. What is the remainder when 10/(-35) + d/7 is divided by 15?
12
Suppose 0 = s + 4*y - 303, -13*s + 1251 = -9*s + 3*y. What is the remainder when s is divided by 62?
5
Suppose 238 = 4*x - 3*i + 8*i, 0 = x - 5*i - 72. What is the remainder when x is divided by ((-2)/(-3))/(1/48)?
30
Suppose -8*z = 3*z - 616. Calculate the remainder when z is divided by 6.
2
Let p(h) = 67*h - 470. What is the remainder when 795 is divided by p(9)?
130
Suppose 3*i - 3 = 0, -h = -3*i - 0*i - 2. Calculate the remainder when h is divided by (-2 - -1 - 1) + 4.
1
Let t(j) = 2*j**3 + 65*j**2 - 33*j + 33. Calculate the remainder when 54 is divided by t(-33).
21
Let l(g) = 2*g - 3. Let c be l(4). Let y be -2*(270/4)/c. Let o = y + 90. Calculate the remainder when o is divided by 16.
15
Suppose -g - 13 = -2*v, -5*g + 3*v - 27 = -g. Let j(m) = m**3 + 7*m**2 + 3*m - 3. What is the remainder when j(g) is divided by 7?
3
Let w(v) = 325*v - 7. Let f be w(1). Suppose 9*z - 1245 + f = 0. Calculate the remainder when z is divided by 26.
25
Let x(p) = -p + 2. Let z be x(2). Suppose z = 8*w - 5*w + 96. Calculate the remainder when -3 - w - 4/2 is divided by 10.
7
Let c = -159 + 223. Calculate the remainder when 829 is divided by c.
61
Let h(p) = 13*p**2 - 33*p + 6. Suppose 0 = 2*t - 6*t + 380. What is the remainder when t is divided by h(3)?
23
Let b be -6*(53/(-6) - (-1)/(-2)). Suppose a = -0*a - 2*s + b, -s + 1 = 0. Calculate the remainder when a is divided by 7.
5
Let t(f) = -39*f**3 + 26*f**2 - 18*f + 11. Let z(h) = 13*h**3 - 9*h**2 + 6*h - 4. Let q(m) = -3*t(m) - 8*z(m). What is the remainder when 44 is divided by q(1)?
8
Let d(w) = -2*w**3 - 28*w**2 - 7*w - 21. Calculate the remainder when 183 is divided by d(-14).
29
Let c(y) = 20*y + 5. What is the remainder when c(5) is divided by 1/(12/4212*13)?
24
Let l = -27 - -30. Suppose -3*j - 3 = 0, -94 = -2*o + l*j + j. Suppose 2*m = o + 41. Calculate the remainder when 84 is divided by m.
41
Suppose 30 = 3*g + 114. Let o = -13 - g. Suppose 0 = 11*f - 6*f - 220. Calculate the remainder when f is divided by o.
14
Let d(y) = -3*y**2 - 190*y - 170. Calculate the remainder when d(-60) is divided by 16.
14
Let d(g) = g**2 - 2*g + 4. Let i be 3/(-2)*(5 + -3). Calculate the remainder when 37 is divided by d(i).
18
Let o(f) = -f**3 - 6*f**2 - 8*f + 5. Suppose -61 - 50 = -3*y. What is the remainder when y is divided by o(-5)?
17
Let q = -76 - -79. Suppose -q*k + k = -4*s + 118, 0 = s - 4*k - 33. What is the remainder when 111 is divided by s?
24
Let t be ((-16)/(-20))/(1/5). Suppose -t = -z + 3*h, -2*h + 5 = 4*z - 3*h. Let x = 15 - z. What is the remainder when x is divided by 4?
2
Suppose 6*v = v + 2*h + 25, 0 = 5*v + 5*h + 10. Suppose -v = k - 5. What is the remainder when 55 is divided by (k/4)/((-3)/(-114))?
17
Let j(a) = -a**3 - 7*a**2 - a 